{"id":887,"date":"2020-04-29T10:37:54","date_gmt":"2020-04-29T08:37:54","guid":{"rendered":"http:\/\/www.biomaps.universite-paris-saclay.fr\/?page_id=887"},"modified":"2020-04-29T10:38:53","modified_gmt":"2020-04-29T08:38:53","slug":"steve-beuve","status":"publish","type":"page","link":"https:\/\/www.biomaps.universite-paris-saclay.fr\/index.php\/steve-beuve\/","title":{"rendered":"Steve Beuve"},"content":{"rendered":"\t\t<div data-elementor-type=\"wp-page\" data-elementor-id=\"887\" class=\"elementor elementor-887\" data-elementor-post-type=\"page\">\n\t\t\t\t\t\t<section class=\"elementor-section elementor-top-section elementor-element elementor-element-2574f90 elementor-section-boxed elementor-section-height-default elementor-section-height-default\" data-id=\"2574f90\" data-element_type=\"section\">\n\t\t\t\t\t\t<div class=\"elementor-container elementor-column-gap-default\">\n\t\t\t\t\t<div class=\"elementor-column elementor-col-50 elementor-top-column elementor-element elementor-element-73698e6\" data-id=\"73698e6\" data-element_type=\"column\">\n\t\t\t<div class=\"elementor-widget-wrap elementor-element-populated\">\n\t\t\t\t\t\t<div class=\"elementor-element elementor-element-35b7ecc elementor-widget elementor-widget-text-editor\" data-id=\"35b7ecc\" data-element_type=\"widget\" data-widget_type=\"text-editor.default\">\n\t\t\t\t<div class=\"elementor-widget-container\">\n\t\t\t\t\t\t\t<h1>Post-doctorant<\/h1><div><a href=\"mailto:steve.beuve@universit\u00e9-paris-saclay.fr\">contact<\/a><\/div>\t\t\t\t\t\t<\/div>\n\t\t\t\t<\/div>\n\t\t\t\t\t<\/div>\n\t\t<\/div>\n\t\t\t\t<div class=\"elementor-column elementor-col-50 elementor-top-column elementor-element elementor-element-0ac88e9\" data-id=\"0ac88e9\" data-element_type=\"column\">\n\t\t\t<div class=\"elementor-widget-wrap\">\n\t\t\t\t\t\t\t<\/div>\n\t\t<\/div>\n\t\t\t\t\t<\/div>\n\t\t<\/section>\n\t\t\t\t<section class=\"elementor-section elementor-top-section elementor-element elementor-element-5b2487f elementor-section-boxed elementor-section-height-default elementor-section-height-default\" data-id=\"5b2487f\" data-element_type=\"section\">\n\t\t\t\t\t\t<div class=\"elementor-container elementor-column-gap-default\">\n\t\t\t\t\t<div class=\"elementor-column elementor-col-100 elementor-top-column elementor-element elementor-element-be91459\" data-id=\"be91459\" data-element_type=\"column\">\n\t\t\t<div class=\"elementor-widget-wrap elementor-element-populated\">\n\t\t\t\t\t\t<div class=\"elementor-element elementor-element-883826d elementor-widget elementor-widget-text-editor\" data-id=\"883826d\" data-element_type=\"widget\" data-widget_type=\"text-editor.default\">\n\t\t\t\t<div class=\"elementor-widget-container\">\n\t\t\t\t\t\t\t<h3><strong>Activit\u00e9 Scientifique<\/strong><\/h3><p>Imagerie et caract\u00e9risation des param\u00e8tres biom\u00e9caniques par techniques Ultrasonores<\/p><h3><strong>Exp\u00e9riences Professionnelles<\/strong><\/h3><ul><li>Depuis Avril 2020\u00a0: Post-doctorant, BioMaps UMR 9011 \u2013 Universit\u00e9 Paris Saclay, CNRS, Inserm, CEA, Orsay (91)<\/li><li>2015 \u2013 2019\u00a0: Doctorant, UMR 1253 &#8211; Imaging and brain, Inserm, Universit\u00e9 de Tours (37)<\/li><li>2014\u00a0: Stagiaire de Master, UMR 930 \u2013 Imagerie et Cerveau, Inserm, Universit\u00e9 Fran\u00e7ois Rabelais, Tours (37)<\/li><\/ul><p><em>Projet\u00a0: Caract\u00e9risation biom\u00e9canique du tissu c\u00e9r\u00e9bral par corr\u00e9lation de bruits physiologiques<\/em><\/p><ul><li>2013\u00a0: Stagiaire de M1, Laboratoire de Physique et d\u2019Etude des Mat\u00e9riaux (LPEM), UMR 8213, CNRS, ESPCI, UPMC Paris V<\/li><\/ul><p><em>Projet\u00a0: R\u00e9alisation et tests d\u2019\u00e9chantillons contenant des microfissures obliques calibr\u00e9es par thermographie infrarouge<\/em><\/p><h3><strong>Formation<\/strong><\/h3><ul><li>2015 \u2013 2019\u00a0: Doctorat en Science de la vie et de la sant\u00e9, UMR 1253 &#8211; Imaging and brain, Universit\u00e9 de Tours (37)<br \/><em>Titre\u00a0: Caract\u00e9risation m\u00e9canique de tissus biologiques par analyse de champs acoustiques complexes<\/em><\/li><li>2013-2015\u00a0: Master Mention Sciences De l\u2019Ing\u00e9nieur (SDI) orientation Capteur, Instrumentation et Mesures (CIMES), UPMC Paris VI.<\/li><li>2013\u00a0: Licence Ing\u00e9nieur Electronique, UPMC Paris VI<\/li><li>2012\u00a0: Licence professionnelle en Ing\u00e9nierie de Conception et Maintenance M\u00e9catronique (IC2M), UPMC Paris VI<\/li><\/ul><h3><strong>Enseignements<\/strong><\/h3><ul><li>TD et TP (50 h x 3 ans) sur la <em>Commande des Syst\u00e8mes Dynamiques<\/em>, Polytech\u2019Tours, D\u00e9partement d\u2019Electronique et g\u00e9nie \u00e9lectrique, D\u00e9partement de M\u00e9canique et conception des syst\u00e8mes, Universit\u00e9 de Tours (37).<\/li><li>TP (14 h) sur <em>l\u2019initiation \u00e0 la programmation en langage Python<\/em>, Polytech\u2019Tours, D\u00e9partement d\u2019Electronique et g\u00e9nie \u00e9lectrique, D\u00e9partement de M\u00e9canique et conception des syst\u00e8mes, Universit\u00e9 de Tours (37).<\/li><\/ul><h3><strong>Responsabilit\u00e9s Collectives<\/strong><\/h3><p>Membre du Staff au congr\u00e8s IEEE IUS 2016, Tours, France\u00a0: mise en place, accueil, enregistrement des participants et support pendant les questions durant les sessions.<\/p>\t\t\t\t\t\t<\/div>\n\t\t\t\t<\/div>\n\t\t\t\t\t<\/div>\n\t\t<\/div>\n\t\t\t\t\t<\/div>\n\t\t<\/section>\n\t\t\t\t<\/div>\n\t\t","protected":false},"excerpt":{"rendered":"<p>Post-doctorant contact Activit\u00e9 Scientifique Imagerie et caract\u00e9risation des param\u00e8tres biom\u00e9caniques par techniques Ultrasonores Exp\u00e9riences Professionnelles Depuis Avril 2020&nbsp;: Post-doctorant, BioMaps UMR 9011 \u2013 Universit\u00e9 Paris Saclay, CNRS, Inserm, CEA, Orsay (91) 2015 \u2013 2019&nbsp;: Doctorant, UMR 1253 &#8211; Imaging and brain, Inserm, Universit\u00e9 de Tours (37) 2014&nbsp;: Stagiaire de Master, UMR 930 \u2013 Imagerie et [&hellip;]<\/p>\n","protected":false},"author":2,"featured_media":615,"parent":0,"menu_order":0,"comment_status":"closed","ping_status":"closed","template":"","meta":{"footnotes":""},"guten_post_layout_featured_media_urls":{"full":["https:\/\/www.biomaps.universite-paris-saclay.fr\/wp-content\/uploads\/2020\/04\/Footer-e1609957375858.png",750,126,false],"thumbnail":["https:\/\/www.biomaps.universite-paris-saclay.fr\/wp-content\/uploads\/2020\/04\/Footer-100x100.png",100,100,true],"medium":["https:\/\/www.biomaps.universite-paris-saclay.fr\/wp-content\/uploads\/2020\/04\/Footer-150x25.png",150,25,true],"medium_large":["https:\/\/www.biomaps.universite-paris-saclay.fr\/wp-content\/uploads\/2020\/04\/Footer-768x129.png",640,108,true],"large":["https:\/\/www.biomaps.universite-paris-saclay.fr\/wp-content\/uploads\/2020\/04\/Footer-500x84.png",500,84,true],"1536x1536":["https:\/\/www.biomaps.universite-paris-saclay.fr\/wp-content\/uploads\/2020\/04\/Footer-1536x257.png",1536,257,true],"2048x2048":["https:\/\/www.biomaps.universite-paris-saclay.fr\/wp-content\/uploads\/2020\/04\/Footer-e1609957375858.png",750,126,false],"guten_post_layout_landscape_large":["https:\/\/www.biomaps.universite-paris-saclay.fr\/wp-content\/uploads\/2020\/04\/Footer-1200x318.png",1200,318,true],"guten_post_layout_portrait_large":["https:\/\/www.biomaps.universite-paris-saclay.fr\/wp-content\/uploads\/2020\/04\/Footer-1200x318.png",1200,318,true],"guten_post_layout_square_large":["https:\/\/www.biomaps.universite-paris-saclay.fr\/wp-content\/uploads\/2020\/04\/Footer-1200x318.png",1200,318,true],"guten_post_layout_landscape":["https:\/\/www.biomaps.universite-paris-saclay.fr\/wp-content\/uploads\/2020\/04\/Footer-600x318.png",600,318,true],"guten_post_layout_portrait":["https:\/\/www.biomaps.universite-paris-saclay.fr\/wp-content\/uploads\/2020\/04\/Footer-600x318.png",600,318,true],"guten_post_layout_square":["https:\/\/www.biomaps.universite-paris-saclay.fr\/wp-content\/uploads\/2020\/04\/Footer-600x318.png",600,318,true],"sciencex-single-team-thumb":["https:\/\/www.biomaps.universite-paris-saclay.fr\/wp-content\/uploads\/2020\/04\/Footer-360x270.png",360,270,true],"sciencex-team-thumbnail":["https:\/\/www.biomaps.universite-paris-saclay.fr\/wp-content\/uploads\/2020\/04\/Footer-263x216.png",263,216,true],"sciencex-event-thumbnail":["https:\/\/www.biomaps.universite-paris-saclay.fr\/wp-content\/uploads\/2020\/04\/Footer-555x318.png",555,318,true],"sciencex-event-gallery-thumb":["https:\/\/www.biomaps.universite-paris-saclay.fr\/wp-content\/uploads\/2020\/04\/Footer-227x168.png",227,168,true],"sciencex-blog-thumb":["https:\/\/www.biomaps.universite-paris-saclay.fr\/wp-content\/uploads\/2020\/04\/Footer-100x80.png",100,80,true]},"_links":{"self":[{"href":"https:\/\/www.biomaps.universite-paris-saclay.fr\/index.php\/wp-json\/wp\/v2\/pages\/887"}],"collection":[{"href":"https:\/\/www.biomaps.universite-paris-saclay.fr\/index.php\/wp-json\/wp\/v2\/pages"}],"about":[{"href":"https:\/\/www.biomaps.universite-paris-saclay.fr\/index.php\/wp-json\/wp\/v2\/types\/page"}],"author":[{"embeddable":true,"href":"https:\/\/www.biomaps.universite-paris-saclay.fr\/index.php\/wp-json\/wp\/v2\/users\/2"}],"replies":[{"embeddable":true,"href":"https:\/\/www.biomaps.universite-paris-saclay.fr\/index.php\/wp-json\/wp\/v2\/comments?post=887"}],"version-history":[{"count":3,"href":"https:\/\/www.biomaps.universite-paris-saclay.fr\/index.php\/wp-json\/wp\/v2\/pages\/887\/revisions"}],"predecessor-version":[{"id":890,"href":"https:\/\/www.biomaps.universite-paris-saclay.fr\/index.php\/wp-json\/wp\/v2\/pages\/887\/revisions\/890"}],"wp:featuredmedia":[{"embeddable":true,"href":"https:\/\/www.biomaps.universite-paris-saclay.fr\/index.php\/wp-json\/wp\/v2\/media\/615"}],"wp:attachment":[{"href":"https:\/\/www.biomaps.universite-paris-saclay.fr\/index.php\/wp-json\/wp\/v2\/media?parent=887"}],"curies":[{"name":"wp","href":"https:\/\/api.w.org\/{rel}","templated":true}]}}