{"id":4730,"date":"2023-02-13T09:52:58","date_gmt":"2023-02-13T08:52:58","guid":{"rendered":"https:\/\/www.biomaps.universite-paris-saclay.fr\/?page_id=4730"},"modified":"2024-06-27T15:06:49","modified_gmt":"2024-06-27T13:06:49","slug":"plateau-ultrasons-shfj","status":"publish","type":"page","link":"https:\/\/www.biomaps.universite-paris-saclay.fr\/index.php\/plateau-ultrasons-shfj\/","title":{"rendered":"Plateau Ultrasons SHFJ"},"content":{"rendered":"\t\t<div data-elementor-type=\"wp-page\" data-elementor-id=\"4730\" class=\"elementor elementor-4730\" data-elementor-post-type=\"page\">\n\t\t\t\t\t\t<section class=\"elementor-section elementor-top-section elementor-element elementor-element-91a148c elementor-section-boxed elementor-section-height-default elementor-section-height-default\" data-id=\"91a148c\" data-element_type=\"section\">\n\t\t\t\t\t\t<div class=\"elementor-container elementor-column-gap-default\">\n\t\t\t\t\t<div class=\"elementor-column elementor-col-100 elementor-top-column elementor-element elementor-element-827fac7\" data-id=\"827fac7\" data-element_type=\"column\">\n\t\t\t<div class=\"elementor-widget-wrap elementor-element-populated\">\n\t\t\t\t\t\t<div class=\"elementor-element elementor-element-59b365b elementor-widget elementor-widget-image\" data-id=\"59b365b\" data-element_type=\"widget\" data-widget_type=\"image.default\">\n\t\t\t\t<div class=\"elementor-widget-container\">\n\t\t\t\t\t\t\t\t\t\t\t\t\t<img fetchpriority=\"high\" decoding=\"async\" width=\"500\" height=\"123\" src=\"https:\/\/www.biomaps.universite-paris-saclay.fr\/wp-content\/uploads\/2023\/02\/Image1-500x123.jpg\" class=\"attachment-large size-large wp-image-4732\" alt=\"\" srcset=\"https:\/\/www.biomaps.universite-paris-saclay.fr\/wp-content\/uploads\/2023\/02\/Image1-500x123.jpg 500w, https:\/\/www.biomaps.universite-paris-saclay.fr\/wp-content\/uploads\/2023\/02\/Image1-150x37.jpg 150w, https:\/\/www.biomaps.universite-paris-saclay.fr\/wp-content\/uploads\/2023\/02\/Image1-768x188.jpg 768w, https:\/\/www.biomaps.universite-paris-saclay.fr\/wp-content\/uploads\/2023\/02\/Image1.jpg 1280w\" sizes=\"(max-width: 500px) 100vw, 500px\" \/>\t\t\t\t\t\t\t\t\t\t\t\t\t<\/div>\n\t\t\t\t<\/div>\n\t\t\t\t<div class=\"elementor-element elementor-element-7964102 elementor-widget elementor-widget-text-editor\" data-id=\"7964102\" data-element_type=\"widget\" data-widget_type=\"text-editor.default\">\n\t\t\t\t<div class=\"elementor-widget-container\">\n\t\t\t\t\t\t\t<p>La plateforme m\u00e9thodologique ultrasonore (SHFJ, BioMaps, site d\u2019Orsay) a pour objectif de d\u00e9velopper l\u2019imagerie ultrasonore ultrarapide. N\u00e9e \u00e0 la fin des ann\u00e9es 1990, cette m\u00e9thodologie ouvre les portes de l\u2019\u00e9chographie vers de nouvelles m\u00e9thodes de quantification et vers de nouveaux biomarqueurs d\u2019imagerie pour le diagnostic m\u00e9dical. La plateforme est ouverte aux collaborations de recherche dans les domaines de l\u2019instrumentation, le d\u00e9veloppement de nouvelles technologies d\u2019imagerie avanc\u00e9es reposant sur les ultrasons et l\u2019\u00e9valuation de ces technologies dans plusieurs domaines applicatifs. A terme, les nouvelles modalit\u00e9s d\u2019imagerie ainsi d\u00e9velopp\u00e9es seront largement ouvertes aux utilisateurs.<\/p>\t\t\t\t\t\t<\/div>\n\t\t\t\t<\/div>\n\t\t\t\t\t<\/div>\n\t\t<\/div>\n\t\t\t\t\t<\/div>\n\t\t<\/section>\n\t\t\t\t<section class=\"elementor-section elementor-top-section elementor-element elementor-element-ffd661f elementor-section-boxed elementor-section-height-default elementor-section-height-default\" data-id=\"ffd661f\" data-element_type=\"section\">\n\t\t\t\t\t\t<div class=\"elementor-container elementor-column-gap-default\">\n\t\t\t\t\t<div class=\"elementor-column elementor-col-50 elementor-top-column elementor-element elementor-element-e2e54aa\" data-id=\"e2e54aa\" data-element_type=\"column\">\n\t\t\t<div class=\"elementor-widget-wrap elementor-element-populated\">\n\t\t\t\t\t\t<div class=\"elementor-element elementor-element-23b87d0 elementor-widget elementor-widget-text-editor\" data-id=\"23b87d0\" data-element_type=\"widget\" data-widget_type=\"text-editor.default\">\n\t\t\t\t<div class=\"elementor-widget-container\">\n\t\t\t\t\t\t\t<div class=\"elementor-element elementor-element-ad5b4a2 elementor-widget elementor-widget-heading\" style=\"flex-basis: var(--flex-basis); flex-grow: var(--flex-grow); flex-shrink: var(--flex-shrink); order: var(--order); align-self: var(--align-self); flex-direction: var(--flex-direction); flex-wrap: var(--flex-wrap); justify-content: var(--justify-content); align-items: var(--align-items); align-content: var(--align-content); gap: var(--gap); --widgets-spacing: 20px; width: 641.188px; margin-bottom: 22px;\" data-id=\"ad5b4a2\" data-element_type=\"widget\" data-widget_type=\"heading.default\"><div class=\"elementor-widget-container\" style=\"transition: background 0.3s,border 0.3s,border-radius 0.3s,box-shadow 0.3s,transform var(--e-transform-transition-duration,0.4s);\"><h2 class=\"elementor-heading-title elementor-size-default\">Contact et acc\u00e8s<\/h2><\/div><\/div><section class=\"elementor-section elementor-inner-section elementor-element elementor-element-1cc520d elementor-section-boxed elementor-section-height-default elementor-section-height-default\" style=\"flex-basis: var(--flex-basis); flex-grow: var(--flex-grow); flex-shrink: var(--flex-shrink); order: var(--order); align-self: var(--align-self); --widgets-spacing: 20px; width: 641.188px;\" data-id=\"1cc520d\" data-element_type=\"section\"><div class=\"elementor-container elementor-column-gap-default\"><div class=\"elementor-row\" style=\"width: 641.188px;\"><div class=\"elementor-column elementor-col-100 elementor-inner-column elementor-element elementor-element-8421166\" style=\"flex-basis: var(--flex-basis); flex-grow: var(--flex-grow); flex-shrink: var(--flex-shrink); order: var(--order); align-self: var(--align-self); --widgets-spacing: 20px; width: 641.188px;\" data-id=\"8421166\" data-element_type=\"column\"><div class=\"elementor-column-wrap elementor-element-populated\" style=\"width: 641.188px;\"><div class=\"elementor-widget-wrap\" style=\"width: 641.188px;\"><div class=\"elementor-element elementor-element-3a8fb54 elementor-widget elementor-widget-text-editor\" style=\"flex-basis: var(--flex-basis); flex-grow: var(--flex-grow); flex-shrink: var(--flex-shrink); order: var(--order); align-self: var(--align-self); flex-direction: var(--flex-direction); flex-wrap: var(--flex-wrap); justify-content: var(--justify-content); align-items: var(--align-items); align-content: var(--align-content); gap: var(--gap); --widgets-spacing: 20px; width: 621.188px; text-align: justify;\" data-id=\"3a8fb54\" data-element_type=\"widget\" data-widget_type=\"text-editor.default\"><div class=\"elementor-widget-container\" style=\"transition: background 0.3s,border 0.3s,border-radius 0.3s,box-shadow 0.3s,transform var(--e-transform-transition-duration,0.4s);\"><div class=\"elementor-text-editor elementor-clearfix\"><p><b>Demande d\u2019acc\u00e8s :<\/b><br \/>Prendre contact avec les responsables de la plateforme : <a href=\"mailto: jean-luc.gennisson@universite-paris-saclay.fr\">Jean-Luc Gennisson<\/a><\/p><p>Suivant les th\u00e9matiques de votre projet et vos besoins, une premi\u00e8re rencontre sera organis\u00e9e entre votre \u00e9quipe et les chercheurs de BIOMAPS afin de d\u00e9finir la strat\u00e9gie scientifique. Un protocole sera ensuite propos\u00e9 et mis au point entre les partenaires. Des s\u00e9ances d\u2019essai pr\u00e9alables peuvent \u00eatre programm\u00e9es si n\u00e9cessaire.<\/p><\/div><\/div><\/div><\/div><\/div><\/div><\/div><\/div><\/section>\t\t\t\t\t\t<\/div>\n\t\t\t\t<\/div>\n\t\t\t\t\t<\/div>\n\t\t<\/div>\n\t\t\t\t<div class=\"elementor-column elementor-col-50 elementor-top-column elementor-element elementor-element-fb73966\" data-id=\"fb73966\" data-element_type=\"column\">\n\t\t\t<div class=\"elementor-widget-wrap elementor-element-populated\">\n\t\t\t\t\t\t<div class=\"elementor-element elementor-element-70d0d1f elementor-widget elementor-widget-image\" data-id=\"70d0d1f\" data-element_type=\"widget\" data-widget_type=\"image.default\">\n\t\t\t\t<div class=\"elementor-widget-container\">\n\t\t\t\t\t\t\t\t\t\t\t\t\t\t<a href=\"https:\/\/www.pluginlabs-universiteparissaclay.fr\/fiche\/shfj-imagerie-preclinique-et-clinique-in-vivo-ultrasons\/\">\n\t\t\t\t\t\t\t<img decoding=\"async\" width=\"225\" height=\"225\" src=\"https:\/\/www.biomaps.universite-paris-saclay.fr\/wp-content\/uploads\/2020\/04\/plug.png\" class=\"attachment-large size-large wp-image-674\" alt=\"\" srcset=\"https:\/\/www.biomaps.universite-paris-saclay.fr\/wp-content\/uploads\/2020\/04\/plug.png 225w, https:\/\/www.biomaps.universite-paris-saclay.fr\/wp-content\/uploads\/2020\/04\/plug-150x150.png 150w, https:\/\/www.biomaps.universite-paris-saclay.fr\/wp-content\/uploads\/2020\/04\/plug-100x100.png 100w\" sizes=\"(max-width: 225px) 100vw, 225px\" \/>\t\t\t\t\t\t\t\t<\/a>\n\t\t\t\t\t\t\t\t\t\t\t\t\t<\/div>\n\t\t\t\t<\/div>\n\t\t\t\t\t<\/div>\n\t\t<\/div>\n\t\t\t\t\t<\/div>\n\t\t<\/section>\n\t\t\t\t<\/div>\n\t\t","protected":false},"excerpt":{"rendered":"<p>La plateforme m\u00e9thodologique ultrasonore (SHFJ, BioMaps, site d\u2019Orsay) a pour objectif de d\u00e9velopper l\u2019imagerie ultrasonore ultrarapide. N\u00e9e \u00e0 la fin des ann\u00e9es 1990, cette m\u00e9thodologie ouvre les portes de l\u2019\u00e9chographie vers de nouvelles m\u00e9thodes de quantification et vers de nouveaux biomarqueurs d\u2019imagerie pour le diagnostic m\u00e9dical. La plateforme est ouverte aux collaborations de recherche dans [&hellip;]<\/p>\n","protected":false},"author":2,"featured_media":1733,"parent":0,"menu_order":0,"comment_status":"closed","ping_status":"closed","template":"","meta":{"footnotes":""},"guten_post_layout_featured_media_urls":{"full":["https:\/\/www.biomaps.universite-paris-saclay.fr\/wp-content\/uploads\/2021\/01\/Banner_H200.png",1190,200,false],"thumbnail":["https:\/\/www.biomaps.universite-paris-saclay.fr\/wp-content\/uploads\/2021\/01\/Banner_H200-100x100.png",100,100,true],"medium":["https:\/\/www.biomaps.universite-paris-saclay.fr\/wp-content\/uploads\/2021\/01\/Banner_H200-150x25.png",150,25,true],"medium_large":["https:\/\/www.biomaps.universite-paris-saclay.fr\/wp-content\/uploads\/2021\/01\/Banner_H200-768x129.png",640,108,true],"large":["https:\/\/www.biomaps.universite-paris-saclay.fr\/wp-content\/uploads\/2021\/01\/Banner_H200-500x84.png",500,84,true],"1536x1536":["https:\/\/www.biomaps.universite-paris-saclay.fr\/wp-content\/uploads\/2021\/01\/Banner_H200.png",1190,200,false],"2048x2048":["https:\/\/www.biomaps.universite-paris-saclay.fr\/wp-content\/uploads\/2021\/01\/Banner_H200.png",1190,200,false],"guten_post_layout_landscape_large":["https:\/\/www.biomaps.universite-paris-saclay.fr\/wp-content\/uploads\/2021\/01\/Banner_H200.png",1190,200,false],"guten_post_layout_portrait_large":["https:\/\/www.biomaps.universite-paris-saclay.fr\/wp-content\/uploads\/2021\/01\/Banner_H200.png",1190,200,false],"guten_post_layout_square_large":["https:\/\/www.biomaps.universite-paris-saclay.fr\/wp-content\/uploads\/2021\/01\/Banner_H200.png",1190,200,false],"guten_post_layout_landscape":["https:\/\/www.biomaps.universite-paris-saclay.fr\/wp-content\/uploads\/2021\/01\/Banner_H200-600x200.png",600,200,true],"guten_post_layout_portrait":["https:\/\/www.biomaps.universite-paris-saclay.fr\/wp-content\/uploads\/2021\/01\/Banner_H200-600x200.png",600,200,true],"guten_post_layout_square":["https:\/\/www.biomaps.universite-paris-saclay.fr\/wp-content\/uploads\/2021\/01\/Banner_H200-600x200.png",600,200,true],"sciencex-single-team-thumb":["https:\/\/www.biomaps.universite-paris-saclay.fr\/wp-content\/uploads\/2021\/01\/Banner_H200-360x200.png",360,200,true],"sciencex-team-thumbnail":["https:\/\/www.biomaps.universite-paris-saclay.fr\/wp-content\/uploads\/2021\/01\/Banner_H200-263x200.png",263,200,true],"sciencex-event-thumbnail":["https:\/\/www.biomaps.universite-paris-saclay.fr\/wp-content\/uploads\/2021\/01\/Banner_H200-555x200.png",555,200,true],"sciencex-event-gallery-thumb":["https:\/\/www.biomaps.universite-paris-saclay.fr\/wp-content\/uploads\/2021\/01\/Banner_H200-227x168.png",227,168,true],"sciencex-blog-thumb":["https:\/\/www.biomaps.universite-paris-saclay.fr\/wp-content\/uploads\/2021\/01\/Banner_H200-100x80.png",100,80,true]},"_links":{"self":[{"href":"https:\/\/www.biomaps.universite-paris-saclay.fr\/index.php\/wp-json\/wp\/v2\/pages\/4730"}],"collection":[{"href":"https:\/\/www.biomaps.universite-paris-saclay.fr\/index.php\/wp-json\/wp\/v2\/pages"}],"about":[{"href":"https:\/\/www.biomaps.universite-paris-saclay.fr\/index.php\/wp-json\/wp\/v2\/types\/page"}],"author":[{"embeddable":true,"href":"https:\/\/www.biomaps.universite-paris-saclay.fr\/index.php\/wp-json\/wp\/v2\/users\/2"}],"replies":[{"embeddable":true,"href":"https:\/\/www.biomaps.universite-paris-saclay.fr\/index.php\/wp-json\/wp\/v2\/comments?post=4730"}],"version-history":[{"count":10,"href":"https:\/\/www.biomaps.universite-paris-saclay.fr\/index.php\/wp-json\/wp\/v2\/pages\/4730\/revisions"}],"predecessor-version":[{"id":5663,"href":"https:\/\/www.biomaps.universite-paris-saclay.fr\/index.php\/wp-json\/wp\/v2\/pages\/4730\/revisions\/5663"}],"wp:featuredmedia":[{"embeddable":true,"href":"https:\/\/www.biomaps.universite-paris-saclay.fr\/index.php\/wp-json\/wp\/v2\/media\/1733"}],"wp:attachment":[{"href":"https:\/\/www.biomaps.universite-paris-saclay.fr\/index.php\/wp-json\/wp\/v2\/media?parent=4730"}],"curies":[{"name":"wp","href":"https:\/\/api.w.org\/{rel}","templated":true}]}}